{"id":413,"date":"2022-04-28T12:20:38","date_gmt":"2022-04-28T12:20:38","guid":{"rendered":"https:\/\/etsdahmane.dz\/fr\/?post_type=product&#038;p=413"},"modified":"2022-04-28T12:22:53","modified_gmt":"2022-04-28T12:22:53","slug":"lit-domestique-deux-positions-electrique-en-hetre","status":"publish","type":"product","link":"https:\/\/etsdahmane.dz\/?product=lit-domestique-deux-positions-electrique-en-hetre","title":{"rendered":"LIT DOMESTIQUE DEUX POSITIONS \u00c9LECTRIQUE EN H\u00caTRE"},"content":{"rendered":"<p><span class=\"fontstyle0\"><strong>Dimensions :<\/strong><br \/>\n<\/span><\/p>\n<ul>\n<li>\u00a0<span class=\"fontstyle0\">Longueur : 195 cm<\/span><\/li>\n<li><span class=\"fontstyle0\">Largeur : 90 cm<\/span><\/li>\n<li><span class=\"fontstyle0\">Hauteur : R\u00e9glable <\/span><span class=\"fontstyle0\">de 35 \u00e0 80 cm<\/span><\/li>\n<\/ul>\n","protected":false},"excerpt":{"rendered":"<p><span class=\"fontstyle0\"><strong>Sp\u00e9cifications :<\/strong><br \/>\n\u2022 Structure en acier tube carr\u00e9 de 35 peint en \u00e9poxy<br \/>\n\u2022 Sommier \u00e0 grille peint en \u00e9poxy 02 positions t\u00eate et jambe<br \/>\n\u2022 Rel\u00e8ve buste a v\u00e9rin \u00e9lectrique avec t\u00e9l\u00e9commande moteur DEWERT<br \/>\n\u2022 R\u00e9glable en hauteur \u00e0 v\u00e9rin \u00e9lectrique avec t\u00e9l\u00e9commande<br \/>\n\u2022 Perroquet<br \/>\n\u2022 Rel\u00e8ve jambe manuelle avec cr\u00e9maill\u00e8re<br \/>\n\u2022 Barri\u00e8res de s\u00e9curit\u00e9 lat\u00e9rales rabattables, aluminium<br \/>\n\u2022 T\u00eate et pied de lit en h\u00eatre<br \/>\n\u2022 Potence a s\u00e9rum, perroquet avec triangle d\u2019appui<br \/>\n\u2022 Quatre roues dont deux avec frein<br \/>\n\u2022 Poids support\u00e9e : 200 kg<\/span><strong><br \/>\n<\/strong><\/p>\n","protected":false},"featured_media":414,"comment_status":"closed","ping_status":"closed","template":"","meta":[],"product_brand":[],"product_cat":[23],"product_tag":[70],"class_list":{"0":"post-413","1":"product","2":"type-product","3":"status-publish","4":"has-post-thumbnail","6":"product_cat-literie-adulte","7":"product_tag-literie-adulte","9":"first","10":"instock","11":"shipping-taxable","12":"product-type-simple"},"yoast_head":"<!-- This site is optimized with the Yoast SEO Premium plugin v20.0 (Yoast SEO v26.9) - https:\/\/yoast.com\/product\/yoast-seo-premium-wordpress\/ -->\n<title>LIT DOMESTIQUE DEUX POSITIONS \u00c9LECTRIQUE EN H\u00caTRE - ETS DAHMANE<\/title>\n<meta name=\"robots\" content=\"index, follow, max-snippet:-1, max-image-preview:large, max-video-preview:-1\" \/>\n<link rel=\"canonical\" href=\"https:\/\/etsdahmane.dz\/?product=lit-domestique-deux-positions-electrique-en-hetre\" \/>\n<meta property=\"og:locale\" content=\"fr_FR\" \/>\n<meta property=\"og:type\" content=\"article\" \/>\n<meta property=\"og:title\" content=\"LIT DOMESTIQUE DEUX POSITIONS \u00c9LECTRIQUE EN H\u00caTRE\" \/>\n<meta property=\"og:description\" content=\"Sp\u00e9cifications : \u2022 Structure en acier tube carr\u00e9 de 35 peint en \u00e9poxy \u2022 Sommier \u00e0 grille peint en \u00e9poxy 02 positions t\u00eate et jambe \u2022 Rel\u00e8ve buste a v\u00e9rin \u00e9lectrique avec t\u00e9l\u00e9commande moteur DEWERT \u2022 R\u00e9glable en hauteur \u00e0 v\u00e9rin \u00e9lectrique avec t\u00e9l\u00e9commande \u2022 Perroquet \u2022 Rel\u00e8ve jambe manuelle avec cr\u00e9maill\u00e8re \u2022 Barri\u00e8res de s\u00e9curit\u00e9 lat\u00e9rales rabattables, aluminium \u2022 T\u00eate et pied de lit en h\u00eatre \u2022 Potence a s\u00e9rum, perroquet avec triangle d\u2019appui \u2022 Quatre roues dont deux avec frein \u2022 Poids support\u00e9e : 200 kg\" \/>\n<meta property=\"og:url\" content=\"https:\/\/etsdahmane.dz\/?product=lit-domestique-deux-positions-electrique-en-hetre\" \/>\n<meta property=\"og:site_name\" content=\"ETS DAHMANE\" \/>\n<meta property=\"article:modified_time\" content=\"2022-04-28T12:22:53+00:00\" \/>\n<meta property=\"og:image\" content=\"https:\/\/etsdahmane.dz\/wp-content\/uploads\/2022\/04\/LIT-DOMESTIQUE-DEUX-POSITIONS-ELECTRIQUE-EN-HETRE.jpg\" \/>\n\t<meta property=\"og:image:width\" content=\"600\" \/>\n\t<meta property=\"og:image:height\" content=\"600\" \/>\n\t<meta property=\"og:image:type\" content=\"image\/jpeg\" \/>\n<meta name=\"twitter:card\" content=\"summary_large_image\" \/>\n<meta name=\"twitter:label1\" content=\"Dur\u00e9e de lecture estim\u00e9e\" \/>\n\t<meta name=\"twitter:data1\" content=\"1 minute\" \/>\n<script type=\"application\/ld+json\" class=\"yoast-schema-graph\">{\"@context\":\"https:\/\/schema.org\",\"@graph\":[{\"@type\":\"WebPage\",\"@id\":\"https:\/\/etsdahmane.dz\/?product=lit-domestique-deux-positions-electrique-en-hetre\",\"url\":\"https:\/\/etsdahmane.dz\/?product=lit-domestique-deux-positions-electrique-en-hetre\",\"name\":\"LIT DOMESTIQUE DEUX POSITIONS \u00c9LECTRIQUE EN H\u00caTRE - ETS DAHMANE\",\"isPartOf\":{\"@id\":\"https:\/\/etsdahmane.dz\/#website\"},\"primaryImageOfPage\":{\"@id\":\"https:\/\/etsdahmane.dz\/?product=lit-domestique-deux-positions-electrique-en-hetre#primaryimage\"},\"image\":{\"@id\":\"https:\/\/etsdahmane.dz\/?product=lit-domestique-deux-positions-electrique-en-hetre#primaryimage\"},\"thumbnailUrl\":\"https:\/\/etsdahmane.dz\/wp-content\/uploads\/2022\/04\/LIT-DOMESTIQUE-DEUX-POSITIONS-ELECTRIQUE-EN-HETRE.jpg\",\"datePublished\":\"2022-04-28T12:20:38+00:00\",\"dateModified\":\"2022-04-28T12:22:53+00:00\",\"breadcrumb\":{\"@id\":\"https:\/\/etsdahmane.dz\/?product=lit-domestique-deux-positions-electrique-en-hetre#breadcrumb\"},\"inLanguage\":\"fr-FR\",\"potentialAction\":[{\"@type\":\"ReadAction\",\"target\":[\"https:\/\/etsdahmane.dz\/?product=lit-domestique-deux-positions-electrique-en-hetre\"]}]},{\"@type\":\"ImageObject\",\"inLanguage\":\"fr-FR\",\"@id\":\"https:\/\/etsdahmane.dz\/?product=lit-domestique-deux-positions-electrique-en-hetre#primaryimage\",\"url\":\"https:\/\/etsdahmane.dz\/wp-content\/uploads\/2022\/04\/LIT-DOMESTIQUE-DEUX-POSITIONS-ELECTRIQUE-EN-HETRE.jpg\",\"contentUrl\":\"https:\/\/etsdahmane.dz\/wp-content\/uploads\/2022\/04\/LIT-DOMESTIQUE-DEUX-POSITIONS-ELECTRIQUE-EN-HETRE.jpg\",\"width\":600,\"height\":600},{\"@type\":\"BreadcrumbList\",\"@id\":\"https:\/\/etsdahmane.dz\/?product=lit-domestique-deux-positions-electrique-en-hetre#breadcrumb\",\"itemListElement\":[{\"@type\":\"ListItem\",\"position\":1,\"name\":\"Home\",\"item\":\"https:\/\/etsdahmane.dz\/\"},{\"@type\":\"ListItem\",\"position\":2,\"name\":\"Sample Page\",\"item\":\"https:\/\/etsdahmane.dz\/?page_id=2\"},{\"@type\":\"ListItem\",\"position\":3,\"name\":\"LIT DOMESTIQUE DEUX POSITIONS \u00c9LECTRIQUE EN H\u00caTRE\"}]},{\"@type\":\"WebSite\",\"@id\":\"https:\/\/etsdahmane.dz\/#website\",\"url\":\"https:\/\/etsdahmane.dz\/\",\"name\":\"ETS DAHMANE\",\"description\":\"ETS DAHMANE\",\"potentialAction\":[{\"@type\":\"SearchAction\",\"target\":{\"@type\":\"EntryPoint\",\"urlTemplate\":\"https:\/\/etsdahmane.dz\/?s={search_term_string}\"},\"query-input\":{\"@type\":\"PropertyValueSpecification\",\"valueRequired\":true,\"valueName\":\"search_term_string\"}}],\"inLanguage\":\"fr-FR\"}]}<\/script>\n<!-- \/ Yoast SEO Premium plugin. -->","yoast_head_json":{"title":"LIT DOMESTIQUE DEUX POSITIONS \u00c9LECTRIQUE EN H\u00caTRE - ETS DAHMANE","robots":{"index":"index","follow":"follow","max-snippet":"max-snippet:-1","max-image-preview":"max-image-preview:large","max-video-preview":"max-video-preview:-1"},"canonical":"https:\/\/etsdahmane.dz\/?product=lit-domestique-deux-positions-electrique-en-hetre","og_locale":"fr_FR","og_type":"article","og_title":"LIT DOMESTIQUE DEUX POSITIONS \u00c9LECTRIQUE EN H\u00caTRE","og_description":"Sp\u00e9cifications : \u2022 Structure en acier tube carr\u00e9 de 35 peint en \u00e9poxy \u2022 Sommier \u00e0 grille peint en \u00e9poxy 02 positions t\u00eate et jambe \u2022 Rel\u00e8ve buste a v\u00e9rin \u00e9lectrique avec t\u00e9l\u00e9commande moteur DEWERT \u2022 R\u00e9glable en hauteur \u00e0 v\u00e9rin \u00e9lectrique avec t\u00e9l\u00e9commande \u2022 Perroquet \u2022 Rel\u00e8ve jambe manuelle avec cr\u00e9maill\u00e8re \u2022 Barri\u00e8res de s\u00e9curit\u00e9 lat\u00e9rales rabattables, aluminium \u2022 T\u00eate et pied de lit en h\u00eatre \u2022 Potence a s\u00e9rum, perroquet avec triangle d\u2019appui \u2022 Quatre roues dont deux avec frein \u2022 Poids support\u00e9e : 200 kg","og_url":"https:\/\/etsdahmane.dz\/?product=lit-domestique-deux-positions-electrique-en-hetre","og_site_name":"ETS DAHMANE","article_modified_time":"2022-04-28T12:22:53+00:00","og_image":[{"width":600,"height":600,"url":"https:\/\/etsdahmane.dz\/wp-content\/uploads\/2022\/04\/LIT-DOMESTIQUE-DEUX-POSITIONS-ELECTRIQUE-EN-HETRE.jpg","type":"image\/jpeg"}],"twitter_card":"summary_large_image","twitter_misc":{"Dur\u00e9e de lecture estim\u00e9e":"1 minute"},"schema":{"@context":"https:\/\/schema.org","@graph":[{"@type":"WebPage","@id":"https:\/\/etsdahmane.dz\/?product=lit-domestique-deux-positions-electrique-en-hetre","url":"https:\/\/etsdahmane.dz\/?product=lit-domestique-deux-positions-electrique-en-hetre","name":"LIT DOMESTIQUE DEUX POSITIONS \u00c9LECTRIQUE EN H\u00caTRE - ETS DAHMANE","isPartOf":{"@id":"https:\/\/etsdahmane.dz\/#website"},"primaryImageOfPage":{"@id":"https:\/\/etsdahmane.dz\/?product=lit-domestique-deux-positions-electrique-en-hetre#primaryimage"},"image":{"@id":"https:\/\/etsdahmane.dz\/?product=lit-domestique-deux-positions-electrique-en-hetre#primaryimage"},"thumbnailUrl":"https:\/\/etsdahmane.dz\/wp-content\/uploads\/2022\/04\/LIT-DOMESTIQUE-DEUX-POSITIONS-ELECTRIQUE-EN-HETRE.jpg","datePublished":"2022-04-28T12:20:38+00:00","dateModified":"2022-04-28T12:22:53+00:00","breadcrumb":{"@id":"https:\/\/etsdahmane.dz\/?product=lit-domestique-deux-positions-electrique-en-hetre#breadcrumb"},"inLanguage":"fr-FR","potentialAction":[{"@type":"ReadAction","target":["https:\/\/etsdahmane.dz\/?product=lit-domestique-deux-positions-electrique-en-hetre"]}]},{"@type":"ImageObject","inLanguage":"fr-FR","@id":"https:\/\/etsdahmane.dz\/?product=lit-domestique-deux-positions-electrique-en-hetre#primaryimage","url":"https:\/\/etsdahmane.dz\/wp-content\/uploads\/2022\/04\/LIT-DOMESTIQUE-DEUX-POSITIONS-ELECTRIQUE-EN-HETRE.jpg","contentUrl":"https:\/\/etsdahmane.dz\/wp-content\/uploads\/2022\/04\/LIT-DOMESTIQUE-DEUX-POSITIONS-ELECTRIQUE-EN-HETRE.jpg","width":600,"height":600},{"@type":"BreadcrumbList","@id":"https:\/\/etsdahmane.dz\/?product=lit-domestique-deux-positions-electrique-en-hetre#breadcrumb","itemListElement":[{"@type":"ListItem","position":1,"name":"Home","item":"https:\/\/etsdahmane.dz\/"},{"@type":"ListItem","position":2,"name":"Sample Page","item":"https:\/\/etsdahmane.dz\/?page_id=2"},{"@type":"ListItem","position":3,"name":"LIT DOMESTIQUE DEUX POSITIONS \u00c9LECTRIQUE EN H\u00caTRE"}]},{"@type":"WebSite","@id":"https:\/\/etsdahmane.dz\/#website","url":"https:\/\/etsdahmane.dz\/","name":"ETS DAHMANE","description":"ETS DAHMANE","potentialAction":[{"@type":"SearchAction","target":{"@type":"EntryPoint","urlTemplate":"https:\/\/etsdahmane.dz\/?s={search_term_string}"},"query-input":{"@type":"PropertyValueSpecification","valueRequired":true,"valueName":"search_term_string"}}],"inLanguage":"fr-FR"}]}},"_links":{"self":[{"href":"https:\/\/etsdahmane.dz\/index.php?rest_route=\/wp\/v2\/product\/413","targetHints":{"allow":["GET"]}}],"collection":[{"href":"https:\/\/etsdahmane.dz\/index.php?rest_route=\/wp\/v2\/product"}],"about":[{"href":"https:\/\/etsdahmane.dz\/index.php?rest_route=\/wp\/v2\/types\/product"}],"replies":[{"embeddable":true,"href":"https:\/\/etsdahmane.dz\/index.php?rest_route=%2Fwp%2Fv2%2Fcomments&post=413"}],"wp:featuredmedia":[{"embeddable":true,"href":"https:\/\/etsdahmane.dz\/index.php?rest_route=\/wp\/v2\/media\/414"}],"wp:attachment":[{"href":"https:\/\/etsdahmane.dz\/index.php?rest_route=%2Fwp%2Fv2%2Fmedia&parent=413"}],"wp:term":[{"taxonomy":"product_brand","embeddable":true,"href":"https:\/\/etsdahmane.dz\/index.php?rest_route=%2Fwp%2Fv2%2Fproduct_brand&post=413"},{"taxonomy":"product_cat","embeddable":true,"href":"https:\/\/etsdahmane.dz\/index.php?rest_route=%2Fwp%2Fv2%2Fproduct_cat&post=413"},{"taxonomy":"product_tag","embeddable":true,"href":"https:\/\/etsdahmane.dz\/index.php?rest_route=%2Fwp%2Fv2%2Fproduct_tag&post=413"}],"curies":[{"name":"wp","href":"https:\/\/api.w.org\/{rel}","templated":true}]}}